{"id":52,"date":"2026-01-05T10:15:14","date_gmt":"2026-01-05T10:15:14","guid":{"rendered":"https:\/\/kkw-ettenheim.de\/?page_id=52"},"modified":"2026-01-05T10:15:15","modified_gmt":"2026-01-05T10:15:15","slug":"karten","status":"publish","type":"page","link":"https:\/\/kkw-ettenheim.de\/?page_id=52","title":{"rendered":"karten"},"content":{"rendered":"\n<h3 class=\"wp-block-heading\">Sie m\u00f6chten gerne Karten f\u00fcr eine unserer Veranstaltungen?<\/h3>\n\n\n\n<p><strong>Kein Problem.<\/strong><br>In der Buchhandlung Machleid Ettenheim k\u00f6nnen Sie Karten und Abonnements kaufen oder unter info(\u00e4t)kkw-ettenheim.de reservieren, Bezahlung an der Abendkasse.<strong><br><br>Preise<br>16 \u20ac<\/strong> im Vorverkauf <br><strong>17 \u20ac<\/strong> an der Abendkasse<br><strong>8 \u20ac<\/strong> f\u00fcr Sch\u00fcler \/ Studenten bitte mit Ausweis <strong>nur an der Abendkasse<br>Abonnenment<\/strong> f\u00fcr alle Veranstaltungen 2026 <strong>80\u20ac<\/strong><br><strong>Vorverkauf<\/strong> der Karten und des Abonnements bei der Buchhandlung Machleid Ettenheim<br><strong>Reservierung<\/strong> mit einer EMail an info(\u00e4t)kkw-ettenheim.de Karten<br><strong>Abholung<\/strong> und Bezahlung der hinterlegten Karten dann an der Abendkasse<br><br>Bitte haben Sie Verst\u00e4ndnis, da\u00df wir reservierte Karten nur bis 10 Minuten vor Veranstaltungsbeginn reservieren k\u00f6nnen.<strong><br><br>Kassen\u00f6ffnung<\/strong> 19 Uhr<br><strong>Beginn <\/strong>20 Uhr<br><strong>Keine Sitzplatzreservierung m\u00f6glich!<\/strong><br><\/p>\n\n\n\n<p>Buchhandlung Machleid<br>Christian Machleid<br>Rohanstr. 7<br>77955 Ettenheim<br>07822 \/ 89 68 70<\/p>\n","protected":false},"excerpt":{"rendered":"<p>Sie m\u00f6chten gerne Karten f\u00fcr eine unserer Veranstaltungen? Kein Problem.In der Buchhandlung Machleid Ettenheim k\u00f6nnen Sie Karten und Abonnements kaufen oder unter info(\u00e4t)kkw-ettenheim.de reservieren, Bezahlung an der Abendkasse. Preise16 \u20ac &#8230;<\/p>\n","protected":false},"author":2,"featured_media":0,"parent":0,"menu_order":0,"comment_status":"closed","ping_status":"closed","template":"","meta":{"footnotes":""},"class_list":["post-52","page","type-page","status-publish","hentry"],"_links":{"self":[{"href":"https:\/\/kkw-ettenheim.de\/index.php?rest_route=\/wp\/v2\/pages\/52","targetHints":{"allow":["GET"]}}],"collection":[{"href":"https:\/\/kkw-ettenheim.de\/index.php?rest_route=\/wp\/v2\/pages"}],"about":[{"href":"https:\/\/kkw-ettenheim.de\/index.php?rest_route=\/wp\/v2\/types\/page"}],"author":[{"embeddable":true,"href":"https:\/\/kkw-ettenheim.de\/index.php?rest_route=\/wp\/v2\/users\/2"}],"replies":[{"embeddable":true,"href":"https:\/\/kkw-ettenheim.de\/index.php?rest_route=%2Fwp%2Fv2%2Fcomments&post=52"}],"version-history":[{"count":1,"href":"https:\/\/kkw-ettenheim.de\/index.php?rest_route=\/wp\/v2\/pages\/52\/revisions"}],"predecessor-version":[{"id":53,"href":"https:\/\/kkw-ettenheim.de\/index.php?rest_route=\/wp\/v2\/pages\/52\/revisions\/53"}],"wp:attachment":[{"href":"https:\/\/kkw-ettenheim.de\/index.php?rest_route=%2Fwp%2Fv2%2Fmedia&parent=52"}],"curies":[{"name":"wp","href":"https:\/\/api.w.org\/{rel}","templated":true}]}}